ist the prime factors of 2870712.
2, 3, 13, 3067
What are the prime factors of 2301093?
3, 167, 1531
What are the prime factors of 3363793?
3363793
What are the prime factors of 348238?
2, 11, 1439
What are the prime factors of 5304924?
2, 3, 101, 1459
List the prime factors of 861879.
3, 23, 12491
What are the prime factors of 49588?
2, 7, 11, 23
What are the prime factors of 573600?
2, 3, 5, 239
List the prime factors of 2068715.
5, 11, 29, 1297
What are the prime factors of 23338355?
5, 83, 56237
What are the prime factors of 3392757?
3, 479, 787
What are the prime factors of 198550?
2, 5, 11, 19
What are the prime factors of 219924?
2, 3, 41, 149
List the prime factors of 184296.
2, 3, 7, 1097
What are the prime factors of 1441872?
2, 3, 17, 19, 31
List the prime factors of 1144315.
5, 79, 2897
What are the prime factors of 10353837?
3, 13, 265483
What are the prime factors of 151201?
151201
What are the prime factors of 4659624?
2, 3, 64717
List the prime factors of 29859347.
7, 907, 4703
What are the prime factors of 9474623?
31, 305633
List the prime factors of 3803928.
2, 3, 353, 449
List the prime factors of 7620935.
5, 7, 23, 9467
List the prime factors of 7947523.
281, 28283
List the prime factors of 334902.
2, 3, 55817
What are the prime factors of 227506?
2, 19, 5987
What are the prime factors of 2765061?
3, 13, 23633
What are the prime factors of 713756?
2, 178439
List the prime factors of 2222010.
2, 3, 5, 7, 3527
What are the prime factors of 6896?
2, 431
What are the prime factors of 869580?
2, 3, 5, 4831
What are the prime factors of 364876?
2, 19, 4801
What are the prime factors of 13288?
2, 11, 151
What are the prime factors of 3646123?
13, 131, 2141
List the prime factors of 1205224.
2, 79, 1907
What are the prime factors of 31798007?
17, 29, 64499
List the prime factors of 317669.
11, 28879
What are the prime factors of 11142019?
7, 479, 3323
List the prime factors of 1897957.
1897957
What are the prime factors of 2078650?
2, 5, 7, 5939
What are the prime factors of 97249?
79, 1231
List the prime factors of 249548.
2, 13, 4799
List the prime factors of 1074490.
2, 5, 107449
List the prime factors of 1388811.
3, 462937
List the prime factors of 395268.
2, 3, 32939
What are the prime factors of 394498?
2, 13, 15173
What are the prime factors of 706528?
2, 22079
What are the prime factors of 1961202?
2, 3, 326867
List the prime factors of 777073.
11, 41, 1723
List the prime factors of 12069931.
12069931
What are the prime factors of 2880476?
2, 19, 151, 251
What are the prime factors of 1275989?
11, 13, 8923
What are the prime factors of 1041172?
2, 11, 23663
List the prime factors of 372687.
3, 7, 17747
What are the prime factors of 4798722?
2, 3, 41, 19507
List the prime factors of 535033.
535033
List the prime factors of 19690372.
2, 13, 378661
What are the prime factors of 1052146?
2, 526073
What are the prime factors of 430975?
5, 17239
What are the prime factors of 1105903?
809, 1367
What are the prime factors of 1911744?
2, 3, 3319
What are the prime factors of 265259?
19, 23, 607
What are the prime factors of 288090?
2, 3, 5, 11, 97
What are the prime factors of 626928?
2, 3, 37, 353
List the prime factors of 9036152.
2, 1129519
What are the prime factors of 5841422?
2, 113, 25847
What are the prime factors of 2071715?
5, 367, 1129
List the prime factors of 107901.
3, 19, 631
What are the prime factors of 11626578?
2, 3, 47, 509
List the prime factors of 32710214.
2, 47, 347981
List the prime factors of 12555058.
2, 521, 12049
List the prime factors of 199860.
2, 3, 5, 3331
What are the prime factors of 194923?
421, 463
What are the prime factors of 33626757?
3, 11208919
List the prime factors of 65711.
23, 2857
What are the prime factors of 2617736?
2, 11, 151, 197
What are the prime factors of 166097?
163, 1019
List the prime factors of 255002.
2, 11, 67, 173
What are the prime factors of 261677?
13, 20129
List the prime factors of 37385336.
2, 239, 19553
What are the prime factors of 264115?
5, 101, 523
What are the prime factors of 289268?
2, 7, 10331
What are the prime factors of 732027?
3, 244009
List the prime factors of 5236515.
3, 5, 79, 491
List the prime factors of 3263439.
3, 17, 61, 1049
What are the prime factors of 12189514?
2, 6094757
List the prime factors of 12563363.
12563363
List the prime factors of 1831272.
2, 3, 76303
List the prime factors of 369527.
449, 823
List the prime factors of 7557355.
5, 13, 233, 499
What are the prime factors of 2978411?
2978411
List the prime factors of 318063.
3, 97, 1093
What are the prime factors of 2738484?
2, 3, 7, 10867
List the prime factors of 429166.
2, 59, 3637
List the prime factors of 209172.
2, 3, 17431
List the prime factors of 3177988.
2, 11, 72227
List the prime factors of 6329643.
3, 43, 139, 353
List the prime factors of 5793543.
3, 7, 91961
List the prime factors of 716477.
716477
What are the prime factors of 224407?
349, 643
What are the prime factors of 1815402?
2, 3, 302567
List the prime factors of 600576.
2, 3, 17, 23
List the prime factors of 76912.
2, 11, 19, 23
What are the prime factors of 584027?
584027
What are the prime factors of 664460?
2, 5, 33223
List the prime factors of 17533647.
3, 17, 114599
List the prime factors of 83597.
83597
What are the prime factors of 8809?
23, 383
What are the prime factors of 13840340?
2, 5, 692017
What are the prime factors of 1020151?
11, 8431
List the prime factors of 1958826.
2, 3, 137, 2383
What are the prime factors of 741817?
19, 39043
List the prime factors of 1738028.
2, 29, 14983
What are the prime factors of 14057224?
2, 1757153
List the prime factors of 2248300.
2, 5, 22483
What are the prime factors of 29873009?
107, 279187
List the prime factors of 2822483.
29, 97327
List the prime factors of 152712.
2, 3, 7, 101
What are the prime factors of 2162154?
2, 3, 173, 2083
What are the prime factors of 2839197?
3, 31, 30529
What are the prime factors of 134618?
2, 11, 29, 211
List the prime factors of 316662.
2, 3, 89, 593
What are the prime factors of 880877?
23, 38299
List the prime factors of 3007984.
2, 7, 107, 251
What are the prime factors of 1823711?
541, 3371
List the prime factors of 527982.
2, 3, 7, 13, 967
What are the prime factors of 131580?
2, 3, 5, 17, 43
List the prime factors of 1187087.
11, 311, 347
List the prime factors of 719322.
2, 3, 101, 1187
What are the prime factors of 4395107?
223, 19709
What are the prime factors of 2101473?
3, 11, 21227
What are the prime factors of 2221878?
2, 3, 47, 7879
List the prime factors of 775624.
2, 96953
What are the prime factors of 92400?
2, 3, 5, 7, 11
List the prime factors of 561076.
2, 140269
What are the prime factors of 9744?
2, 3, 7, 29
What are the prime factors of 12980626?
2, 6490313
List the prime factors of 2943108.
2, 3, 7, 17, 229
List the prime factors of 69055.
5, 7, 1973
List the prime factors of 1264818.
2, 3, 210803
List the prime factors of 4978393.
7, 61, 89, 131
List the prime factors of 1934640.
2, 3, 5, 2687
What are the prime factors of 3359817?
3, 23, 16231
List the prime factors of 24402878.
2, 19, 73, 463
List the prime factors of 707019.
3, 235673
List the prime factors of 161292.
2, 3, 13441
What are the prime factors of 9868316?
2, 251, 9829
List the prime factors of 396000.
2, 3, 5, 11
What are the prime factors of 5356254?
2, 3, 892709
List the prime factors of 1552174.
2, 13, 59699
List the prime factors of 19918077.
3, 97, 68447
List the prime factors of 12359861.
19, 650519
What are the prime factors of 2740955?
5, 7, 71, 1103
List the prime factors of 237443.
19, 12497
List the prime factors of 647987.
647987
What are the prime factors of 3008974?
2, 1504487
What are the prime factors of 2716768?
2, 73, 1163
What are the prime factors of 143593?
143593
What are the prime factors of 1751867?
13, 17, 7927
What are the prime factors of 725432?
2, 90679
List the prime factors of 14865727.
14865727
List the prime factors of 644598.
2, 3, 23, 173
List the prime factors of 383313.
3, 7, 18253
List the prime factors of 4257022.
2, 7, 11, 359
List the prime factors of 2918066.
2, 43, 33931
What are the prime factors of 768572?
2, 7, 27449
What are the prime factors of 2478704?
2, 37, 53, 79
List the p